e the highest common factor of g and 20.
5
Suppose -24*f = -121 - 119. What is the highest common factor of 70 and f?
10
Suppose 15*u - 180 = 9*u. What is the greatest common factor of u and 190?
10
Suppose 0 = 9*c + 10 - 37. Suppose -32 = -c*f - 5. What is the highest common factor of f and 90?
9
Suppose 42 = 16*x - 13*x. Let c be 0 + ((-9)/1)/((-2)/x). What is the highest common divisor of c and 7?
7
Let c(b) = -20*b - 3. Let a(t) = 40*t + 7. Let l(o) = 4*a(o) + 9*c(o). Let k be l(-1). What is the highest common divisor of k and 7?
7
Let l = 50 + -48. Let o be 59 - l/(-15)*-5*-6. What is the greatest common factor of 9 and o?
9
Let h(b) = 4*b - 29. Let k be h(9). Let o(d) = -d**2 + 7*d + 8. Let g be o(k). What is the highest common factor of g and 24?
8
Let y be 56*(30/(-5))/((-105)/5). Let a be ((-4)/3)/((-3)/108). What is the highest common divisor of y and a?
16
Let g(m) = m**3 + 12*m**2 - 2*m - 21. Let t be g(-12). Let u be (t - 0 - 1) + -14 + 92. Calculate the highest common factor of u and 16.
16
Let q(m) = 4*m + 8. Let c be q(6). Calculate the highest common divisor of c and 272.
16
Let h(o) = 12*o + 5. Let u be h(-4). Let j = 49 + u. Calculate the greatest common factor of j and 3.
3
Let f be (1 - -2 - 23)*-1. Suppose -5*z + 6*y + 110 = y, 0 = 3*z + y - 74. Let m be ((-125)/10)/((-3)/z). Calculate the greatest common factor of f and m.
20
Let a = 3080 + -2004. Suppose -a = -5*l - 356. Let j be 2 + 1/(1/16). What is the greatest common divisor of j and l?
18
Suppose 1 = 6*t - 2*t - 5*h, -3*t - h + 15 = 0. Suppose 0 = t*c + 3*u - 355, 5*u + 83 = 3*c - 2*c. What is the highest common factor of c and 8?
8
Let b(i) = i**2 + 5*i + 19. Let o be b(-4). Calculate the greatest common factor of o and 375.
15
Let u(a) = a**3 + 15*a**2 - 17*a + 4. Let l(q) = -q**2 + q + 1. Let r(i) = 3*l(i) + u(i). Let n be r(-13). Calculate the greatest common divisor of 10 and n.
10
Let x be -2*1/(11/(-44)). Suppose -328 = -3*w - 64. Calculate the greatest common divisor of x and w.
8
Let r(l) = -43*l - 10. Let u be r(-3). Suppose u = 4*g - 497. Calculate the greatest common factor of 22 and g.
22
Let t be (-5)/(-10) - (-381)/6. Let h = 27 - t. Let u = 51 + h. Calculate the highest common divisor of u and 28.
14
Let u be (-2)/(-4 - 0)*28. Suppose 5*l + 135 = 4*b - 10, 2*l = -5*b + 173. What is the greatest common divisor of u and b?
7
Suppose -8 = 9*r - 53. Suppose 5*y - 1224 = -4*a, -228 = -y - 0*y - r*a. What is the highest common factor of 31 and y?
31
Let m(r) = 8*r**3 - r**2 + 1. Let h be m(1). Suppose 4*g = 2*u + 18, 19*g - 16*g - 7 = -5*u. What is the greatest common factor of g and h?
4
Suppose -10 + 2 = 4*i. Let w = 35 + -21. Let s be (w/(-21))/(i/36). Calculate the highest common factor of 30 and s.
6
Suppose 3*k - 7*k = 3*h + 255, 273 = -4*k + 3*h. Let o = k - -87. What is the greatest common divisor of 7 and o?
7
Suppose -480*o + 2250 = -450*o. What is the greatest common divisor of o and 705?
15
Let w = -1 + 2. Let k = 223 + -224. Let v be (k - (-22)/8)/((-148)/(-592)). Calculate the highest common divisor of w and v.
1
Let o(a) = a**3 + 4*a**2 - 16*a + 10. Let l be o(-7). Let c = -23 - l. What is the highest common divisor of c and 2?
2
Suppose 20 = 4*j - 0. Suppose 5*v + 6 = -4*i, -j*i + i + 5*v = -14. What is the greatest common divisor of i and 5?
1
Suppose 4 = -4*u + 2*u. Let w(m) = 8*m**2 - 23*m**2 + m + m**2 + 16*m**2. Let f be w(u). Calculate the highest common factor of 42 and f.
6
Suppose 0 = -b + h + 13, 4*b - 45 = -4*h + h. Suppose d = 2 + 3. Let n be (d - 2/(-2))*b. Calculate the greatest common factor of n and 8.
8
Let s(f) = -8*f**2 - 42*f + 17. Let t be s(-5). What is the greatest common divisor of t and 216?
27
Let x = -40 + 72. What is the highest common divisor of 864 and x?
32
Suppose -z = -3*c + 66 - 1, -4*z + 20 = 2*c. Let r(g) = -g. Let p be r(-5). What is the greatest common divisor of p and c?
5
Suppose -2*b = 5*u + b, 13 = u - 2*b. Suppose 5 + 1 = u*o. Suppose -3*h + o*s = -46, 3*s - 6 + 19 = h. What is the highest common factor of 48 and h?
16
Suppose 4*x = d + 278, -2*x - 5*d + 151 - 1 = 0. What is the highest common divisor of x and 665?
35
Let i be 10/2 - (1 + 0). Let x(o) = 3*o**2 + 69*o + 70. Let q be x(-22). Calculate the greatest common divisor of i and q.
4
Let n(j) = 2*j**2 - 8*j - 5. Let x = 2 + 5. Let r(c) = -c**2 + 8*c - 1. Let u be r(x). Let k be n(u). What is the greatest common factor of k and 133?
19
Let y(l) = -11*l - 54. Let i be y(-6). Calculate the highest common divisor of 96 and i.
12
Suppose -3*s + 410 - 2 = 0. Suppose t - 3*j - 3 = 8, 0 = 4*t + 2*j - 72. What is the greatest common divisor of t and s?
17
Let f(t) = -72*t - 64. Let j be f(-3). What is the greatest common divisor of j and 8?
8
Suppose -2*i + 42 = 5*c - 3, -2*c = -3*i + 77. Let f = -13 + 23. Calculate the highest common divisor of f and i.
5
Suppose 5*j = -136 + 176. Let w be 564/2 + -10 + j. What is the highest common divisor of w and 35?
35
Let j(d) = -d**3 - 2*d**2 + 6*d + 3. Let a be j(-6). Suppose b = 32 + a. What is the highest common factor of b and 13?
13
Let b = -5 + 11. Let o be (b/(-8))/((-1)/12). Suppose -2*z - 196 = 7*i - 9*i, -3*z = -3. What is the greatest common factor of o and i?
9
Let o be 213/12 - (-4)/16. What is the highest common factor of o and 2?
2
Let i = 28 + -25. Suppose i*x = x + 56. Calculate the highest common factor of 140 and x.
28
Suppose 7*j - 20 = 6*j. Let w be (10/(-3))/((-2)/9). Let l = j - w. Calculate the highest common factor of 25 and l.
5
Suppose -13*i - 137 = -267. What is the highest common divisor of 22 and i?
2
Suppose 62 = i + p, -5*i - 29 = p - 355. Let v(d) = -d**3 - 7*d**2 - 4. Let a be v(-7). Let m be (-1)/a*i*2. What is the greatest common factor of 22 and m?
11
Let j = 8 + -4. Let i(f) = 6*f**2 - 2*f. Let t be i(j). Suppose w + 4*d - 31 = 0, 2*d - 58 = -3*w - 3*d. What is the highest common divisor of t and w?
11
Let a(g) = 2*g - 8. Let p be a(4). Let q be (4 + p + 2)/((-12)/(-8)). What is the greatest common divisor of q and 14?
2
Suppose 7*b = 11*b - 2088. Calculate the highest common divisor of b and 58.
58
Let t be -2 + -1*(-2 - -4). Let j be (-14)/t + 14/(-28). Suppose 60 = j*x - 4*o, -5*x = -0*x - 4*o - 92. Calculate the greatest common divisor of x and 16.
16
Suppose 0 = 37*l - 38*l + 21. Suppose 0 = 3*k - 576 - 54. Calculate the greatest common divisor of l and k.
21
Suppose 30*s - 1299 = -249. What is the highest common factor of s and 25?
5
Suppose 96 = -27*m + 879. Suppose 2*p + 111 + 28 = b, 0 = 4*b - 3*p - 571. Calculate the highest common factor of m and b.
29
Let i = -88 + 130. Let d be (475/38)/(1/2). Suppose 2*n - d - 31 = 0. Calculate the greatest common divisor of i and n.
14
Suppose -f + 5*f + 2*p - 90 = 0, -5*p - 105 = -5*f. Let y = -63 - -96. Calculate the highest common factor of y and f.
11
Let u = -5382 + 7992. What is the highest common factor of u and 87?
87
Let c(r) = -r**2 - 8*r + 11. Let d be c(-9). Suppose d*w + 3*w = 75. Calculate the highest common divisor of w and 15.
15
Let b(j) = 901*j**2 + 5401*j + 12. Let p be b(-6). Let g(o) = o**3 + 6*o**2 + 2*o + 6. Let n be g(-5). Calculate the highest common factor of p and n.
21
Let n = 144 + 10. Suppose -v + 2*z + 14 = 0, -45 = -4*v + 5*z + 23. What is the greatest common divisor of n and v?
22
Suppose 3*v - 5*v + 68 = -4*x, 5*v = 5*x + 155. Let n(k) = 3*k**2 + 2. Let b = -5 - -7. Let j be n(b). What is the greatest common factor of j and v?
14
Suppose q - 3*b - 105 = 84, 2*q + 4*b - 348 = 0. What is the greatest common factor of 54 and q?
18
Let v be 86/(-8) - (-3)/4. Let m be (-2)/(-3)*(v - -43). Calculate the highest common factor of m and 2.
2
Suppose -5*b + 4 + 20 = -2*f, 2*b + 24 = -4*f. Let d(o) = -55*o - 33. Let j be d(f). Calculate the highest common divisor of 32 and j.
32
Let w(x) = -x**3 + 14*x**2 + x + 22. Let z be w(14). What is the greatest common factor of z and 48?
12
Suppose -3*c = 2*t - 15, 5*t + 2*c - 10 = -0*c. Let v be 6*(-1 - t)*1. Let b be (3 + v - -10) + 3. Calculate the highest common divisor of b and 2.
2
Let v(a) = a**3 + 11*a**2 + 13*a - 3. Let f(s) = -s**2 - s - 2. Let q be f(2). Let x be v(q). Calculate the highest common factor of x and 17.
17
Let x be ((-3)/12)/(((-2)